of 136635789.
3, 6211, 7333
List the prime factors of 575534976.
2, 3, 1498789
What are the prime factors of 124369426?
2, 47, 1323079
What are the prime factors of 3368344307?
163, 20664689
What are the prime factors of 952689314?
2, 5051, 94307
List the prime factors of 77837855.
5, 199, 78229
What are the prime factors of 3575459783?
7, 10424081
List the prime factors of 947901071.
13, 72915467
What are the prime factors of 585392926?
2, 17, 19, 59, 15359
What are the prime factors of 280690332?
2, 3, 13, 17, 53, 1997
List the prime factors of 644368952.
2, 17, 4738007
What are the prime factors of 1488620079?
3, 17, 3243181
What are the prime factors of 77537289?
3, 17, 1520339
What are the prime factors of 38886795?
3, 5, 864151
What are the prime factors of 39727007?
39727007
What are the prime factors of 22357518?
2, 3, 23, 162011
What are the prime factors of 160784021?
101, 1591921
List the prime factors of 158667642.
2, 3, 7, 29, 173, 251
List the prime factors of 7922105262.
2, 3, 4999, 29347
What are the prime factors of 156218815?
5, 41, 71, 10733
What are the prime factors of 866036045?
5, 7, 3534841
What are the prime factors of 131965926?
2, 3, 21994321
List the prime factors of 340058234.
2, 29, 5863073
What are the prime factors of 127362706?
2, 5333, 11941
List the prime factors of 1365086103.
3, 19, 37, 41, 15787
List the prime factors of 107993811.
3, 1237, 29101
What are the prime factors of 295740908?
2, 17, 4349131
What are the prime factors of 1361058538?
2, 7, 997, 97511
List the prime factors of 7878526.
2, 31, 83, 1531
What are the prime factors of 556821956?
2, 139205489
List the prime factors of 3437484468.
2, 3, 11, 26041549
List the prime factors of 7497371.
7, 1071053
List the prime factors of 6223072904.
2, 17, 45757889
List the prime factors of 96734559.
3, 32244853
List the prime factors of 2622129174.
2, 3, 7, 20810549
What are the prime factors of 1364627013?
3, 454875671
List the prime factors of 26947684.
2, 103, 65407
What are the prime factors of 1244672277?
3, 4363, 95093
List the prime factors of 49329143.
227, 217309
What are the prime factors of 813757109?
11, 73977919
List the prime factors of 485985159.
3, 11, 4908941
List the prime factors of 4351825847.
4351825847
What are the prime factors of 3897108642?
2, 3, 7, 31, 2993171
List the prime factors of 735291275.
5, 29411651
List the prime factors of 1414895056.
2, 31, 79, 36109
What are the prime factors of 28203731?
17, 37, 44839
List the prime factors of 33871626.
2, 3, 1881757
List the prime factors of 314321981.
29, 10838689
What are the prime factors of 15216847?
521, 29207
List the prime factors of 283667122.
2, 241, 588521
List the prime factors of 38088038.
2, 19044019
List the prime factors of 683690048.
2, 131, 81547
List the prime factors of 43766927.
463, 94529
What are the prime factors of 83429872?
2, 5214367
What are the prime factors of 4724861759?
467, 10117477
List the prime factors of 39602330.
2, 5, 89, 44497
List the prime factors of 1207401697.
991, 1218367
List the prime factors of 370243959.
3, 797, 154849
List the prime factors of 168659074.
2, 17, 4960561
What are the prime factors of 97496686?
2, 7, 157, 44357
List the prime factors of 227627045.
5, 79, 331, 1741
What are the prime factors of 803694681?
3, 23, 67, 167, 347
What are the prime factors of 338213750?
2, 5, 7, 38653
What are the prime factors of 91439728?
2, 37, 154459
What are the prime factors of 1028535349?
25339, 40591
What are the prime factors of 403758978?
2, 3, 7, 83, 115823
What are the prime factors of 333992449?
7, 29, 71, 23173
What are the prime factors of 1069892069?
127, 547, 15401
List the prime factors of 63700001.
63700001
List the prime factors of 1495945656.
2, 3, 20777023
List the prime factors of 13551925.
5, 547, 991
List the prime factors of 574879654.
2, 47, 6115741
What are the prime factors of 45687719?
7, 11, 61, 71, 137
List the prime factors of 234989364.
2, 3, 19582447
List the prime factors of 96985887.
3, 31, 599, 1741
List the prime factors of 2007861653.
7, 17, 743, 22709
What are the prime factors of 1148106092?
2, 7, 4903, 8363
What are the prime factors of 82579203?
3, 7, 601, 727
What are the prime factors of 2841392458?
2, 113, 12572533
List the prime factors of 216518335.
5, 11, 41, 96017
What are the prime factors of 416594350?
2, 5, 17, 490111
List the prime factors of 147354531.
3, 49118177
List the prime factors of 1914131345.
5, 7, 19, 283, 1453
What are the prime factors of 285638127?
3, 23, 463, 8941
What are the prime factors of 1885870909?
13, 43, 67, 1171
List the prime factors of 1960125566.
2, 7, 61, 313, 7333
What are the prime factors of 621855503?
19, 32729237
What are the prime factors of 20456943?
3, 13, 157, 257
What are the prime factors of 843975913?
11, 281, 273043
What are the prime factors of 402382074?
2, 3, 67063679
List the prime factors of 273331782.
2, 3, 83, 182953
What are the prime factors of 492479868?
2, 3, 17, 2414117
What are the prime factors of 4580003973?
3, 1526667991
What are the prime factors of 70174489?
7, 11, 911357
What are the prime factors of 835355045?
5, 7, 19, 61, 20593
List the prime factors of 514404057.
3, 171468019
What are the prime factors of 30089348?
2, 61, 127, 971
List the prime factors of 171565284.
2, 3, 11, 31, 41927
What are the prime factors of 1580232994?
2, 17, 523, 88867
What are the prime factors of 30701101?
30701101
What are the prime factors of 190241779?
7, 13, 160813
List the prime factors of 61267381.
7, 19, 460657
List the prime factors of 45522954.
2, 3, 113, 22381
What are the prime factors of 85342713?
3, 28447571
What are the prime factors of 117597784?
2, 29, 506887
List the prime factors of 2271360911.
11959, 189929
List the prime factors of 174414105.
3, 5, 3875869
List the prime factors of 68706389.
43, 1597823
List the prime factors of 84413355.
3, 5, 13, 227, 1907
What are the prime factors of 181775886?
2, 3, 29, 1044689
List the prime factors of 2449466789.
7, 11, 233, 311, 439
What are the prime factors of 1033468181?
41, 601, 41941
What are the prime factors of 114481666?
2, 13, 73, 60317
What are the prime factors of 5158659038?
2, 13, 198409963
List the prime factors of 96868296.
2, 3, 7, 27457
List the prime factors of 784225123.
11, 71293193
What are the prime factors of 1235062843?
7, 5167, 34147
List the prime factors of 49262081.
11, 691, 6481
What are the prime factors of 200759523?
3, 66919841
List the prime factors of 669610.
2, 5, 29, 2309
List the prime factors of 75585603.
3, 173, 145637
List the prime factors of 4427608776.
2, 3, 109, 1692511
List the prime factors of 662860909.
167, 911, 4357
What are the prime factors of 87710080?
2, 5, 19, 7213
List the prime factors of 279286240.
2, 5, 23, 29, 2617
List the prime factors of 568740586.
2, 284370293
What are the prime factors of 99264297?
3, 11, 23, 130783
List the prime factors of 85726990.
2, 5, 8572699
List the prime factors of 251930878.
2, 125965439
List the prime factors of 1978833649.
13, 2281, 66733
What are the prime factors of 1239478652?
2, 309869663
What are the prime factors of 347395618?
2, 3413, 50893
What are the prime factors of 206795898?
2, 3, 23, 499507
What are the prime factors of 467579834?
2, 23, 89, 181, 631
What are the prime factors of 114778238?
2, 6991, 8209
List the prime factors of 118895008.
2, 17, 19, 11503
List the prime factors of 377367022.
2, 188683511
List the prime factors of 3615704.
2, 137, 3299
What are the prime factors of 961826501?
79, 193, 199, 317
List the prime factors of 146817198.
2, 3, 11, 29, 947
What are the prime factors of 5515745324?
2, 5431, 253901
What are the prime factors of 763985303?
763985303
What are the prime factors of 58137417?
3, 13, 496901
List the prime factors of 128789597.
2129, 60493
What are the prime factors of 6173707225?
5, 7, 41, 122921
What are the prime factors of 707703622?
2, 353851811
List the prime factors of 37388743.
7, 29, 184181
List the prime factors of 5122725.
3, 5, 167, 409
List the prime factors of 27229783.
7, 3889969
List the prime factors of 32304688.
2, 13, 919
What are the prime factors of 263581636?
2, 37, 1780957
List the prime factors of 46886177.
13, 21341
